{"id":32,"date":"2023-11-14T20:01:11","date_gmt":"2023-11-14T23:01:11","guid":{"rendered":"https:\/\/mediterraneoitacare.com.br\/index.php\/home\/"},"modified":"2024-04-08T17:49:09","modified_gmt":"2024-04-08T20:49:09","slug":"home","status":"publish","type":"page","link":"https:\/\/mediterraneoitacare.com.br\/","title":{"rendered":"Home"},"content":{"rendered":"\n\n\n\n\n<p style=\"text-align: center;\"><span style=\"color: rgb(255, 255, 255);\"><font style=\"text-align: center; vertical-align: inherit;\">O Restaurante Mediterr\u00e2neo em Itacar\u00e9, Bahia<span style=\"color:#bbbbbb;\"><\/span>, \u00e9 uma excelente op\u00e7\u00e3o para quem busca uma alimenta\u00e7\u00e3o saud\u00e1vel e nutritiva.&nbsp;<\/font><font style=\"text-align: center; vertical-align: inherit;\">Sob o comando do Chef italiano Dario Monizza, a especialidade da casa \u00e9 a cozinha mediterr\u00e2nea, com o uso de ingredientes naturais e org\u00e2nicos, al\u00e9m do pouco uso de gordura e produtos industrializados.&nbsp;<\/font><font style=\"text-align: center; vertical-align: inherit;\">Com uma grande variedade de pratos, que incluem peixes, frutos do mar, carnes, massas e vegetais frescos, o Restaurante Mediterr\u00e2neo combina ingredientes locais com a tradi\u00e7\u00e3o da gastronomia mediterr\u00e2nea.&nbsp;<\/font><font style=\"text-align: center; vertical-align: inherit;\">Se voc\u00ea busca uma experi\u00eancia gastron\u00f4mica \u00fanica, visite o Restaurante Mediterr\u00e2neo.<\/font><\/span><font style=\"color: rgb(255, 255, 255); text-align: center; vertical-align: inherit;\"><\/font><br><\/p>\n\n\n\n\n<h2 style=\"color: rgb(255, 255, 255);\">Conhe\u00e7a nossa his<span style=\"color:#ffffff;\"><\/span>t\u00f3ria<\/h2>\n\n\n\n\n\n\n\n\n\n\n\n\n\n\n<h2><font style=\"vertical-align: inherit;\"><font style=\"vertical-align: inherit;\">Gastronomia<\/font><\/font><\/h2>\n\n<div><span data-canva-clipboard=\"ewAiAGEAIgA6ADUALAAiAGQAIgA6ACIAQgAiACwAIgBoACIAOgAiAHcAdwB3AC4AYwBhAG4AdgBhAC4AYwBvAG0AIgAsACIAYwAiADoAIgBEAEEARgBjAHUAdgBaAGEAUQBLAFEAIgAsACIAaQAiADoAIgBEAE8ANQAzAHcAVgBQAF8AcgBCAEMAQgB6AEwAcgBMAEQAeABOAEoAcgBRACIALAAiAGIAIgA6ADEANwAwADAAMwAzADAAMAAwADcAOQA2ADQALAAiAEEAPwAiADoAIgBFACIALAAiAEEAIgA6AHsAIgBBACIAOgBbAHsAIgBBACIAOgB7ACIAQQA\/ACIAOgAiAEEAIgAsACIAQQAiADoAIgBPACAAcgBlAHMAdABhAHUAcgBhAG4AdABlACAATQBlAGQAaQB0AGUAcgByAOIAbgBlAG8AIADpACAAdQBtACAAdgBlAHIAZABhAGQAZQBpAHIAbwAgAHAAYQByAGEA7QBzAG8AIABwAGEAcgBhACAAYQBxAHUAZQBsAGUAcwAgAHEAdQBlACAAYgB1AHMAYwBhAG0AIAB1AG0AYQAgAGEAbABpAG0AZQBuAHQAYQDnAOMAbwAgAG4AYQB0AHUAcgBhAGwAIABlACAAcwBhAHUAZADhAHYAZQBsAC4AIABJAHMAcwBvACAAcABvAHIAcQB1AGUAIABhACAAYwBvAHoAaQBuAGgAYQAgAG0AZQBkAGkAdABlAHIAcgDiAG4AZQBhACwAIADgACAAcQB1AGEAbAAgAG8AIAByAGUAcwB0AGEAdQByAGEAbgB0AGUAIADpACAAZABlAGQAaQBjAGEAZABvACwAIABwAHIAZQB6AGEAIABwAGUAbABhACAAaQBuAGcAZQBzAHQA4wBvACAAZABlACAAYQBsAGkAbQBlAG4AdABvAHMAIABmAHIAZQBzAGMAbwBzACAAZQAgAG4AdQB0AHIAaQB0AGkAdgBvAHMALAAgAGUAdgBpAHQAYQBuAGQAbwAgAHAAcgBvAGQAdQB0AG8AcwAgAGkAbgBkAHUAcwB0AHIAaQBhAGwAaQB6AGEAZABvAHMAIABlACAAZwBvAHIAZAB1AHIAbwBzAG8AcwAuACggTwBzACAAcAByAGkAbgBjAGkAcABhAGkAcwAgAGkAbgBnAHIAZQBkAGkAZQBuAHQAZQBzACAAZABlAHMAcwBhACAAZwBhAHMAdAByAG8AbgBvAG0AaQBhACAAcwDjAG8AIABwAGUAaQB4AGUAcwAsACAAZgByAHUAdABvAHMAIABkAG8AIABtAGEAcgAsACAAYwBhAHIAbgBlAHMALAAgAG0AYQBzAHMAYQBzACwAIAByAGkAcwBvAHQAdABvAHMALAAgAHYAZQBnAGUAdABhAGkAcwAsACAAbABlAGcAdQBtAGUAcwAgAGYAcgBlAHMAYwBvAHMALAAgAGEAegBlAGkAdABlACAAZABlACAAbwBsAGkAdgBhACAAZQB4AHQAcgBhACAAdgBpAHIAZwBlAG0AIABlACAAdQBtAGEAIAB2AGEAcgBpAGUAZABhAGQAZQAgAGQAZQAgAGUAcgB2AGEAcwAgAGEAcgBvAG0A4QB0AGkAYwBhAHMALgAgAE4AbwAgAE0AZQBkAGkAdABlAHIAcgDiAG4AZQBvACwAIABlAHMAcwBlAHMAIABpAG4AZwByAGUAZABpAGUAbgB0AGUAcwAgAHMA4wBvACAAYwBvAG0AYgBpAG4AYQBkAG8AcwAgAGQAZQAgAGYAbwByAG0AYQAgAGMAcgBpAGEAdABpAHYAYQAgAGUAIABzAGEAYgBvAHIAbwBzAGEALAAgAHIAZQBzAHUAbAB0AGEAbgBkAG8AIABlAG0AIABwAHIAYQB0AG8AcwAgAGQAZQBsAGkAYwBpAG8AcwBvAHMAIABlACAAcwBhAHUAZADhAHYAZQBpAHMALgAoIEEAcwAgAHMAYQBsAGEAZABhAHMAIABjAG8AbABvAHIAaQBkAGEAcwAsACAAcAByAGUAcABhAHIAYQBkAGEAcwAgAGMAbwBtACAAZgBvAGwAaABhAHMALAAgAGYAcgB1AHQAYQBzACAAZQAgAGwAZQBnAHUAbQBlAHMAIABmAHIAZQBzAGMAbwBzACwAIABzAOMAbwAgAHUAbQAgAGQAbwBzACAAZABlAHMAdABhAHEAdQBlAHMAIABkAG8AIABjAGEAcgBkAOEAcABpAG8AIABkAG8AIAByAGUAcwB0AGEAdQByAGEAbgB0AGUALgAgAEEAbADpAG0AIABkAGkAcwBzAG8ALAAgAG8AIABNAGUAZABpAHQAZQByAHIA4gBuAGUAbwAgAHYAYQBsAG8AcgBpAHoAYQAgAGEAIABwAHIAbwBkAHUA5wDjAG8AIABsAG8AYwBhAGwALAAgAGEAZABxAHUAaQByAGkAbgBkAG8AIABwAGUAaQB4AGUAcwAgAGUAIABmAHIAdQB0AG8AcwAgAGQAbwAgAG0AYQByACAAZABpAHIAZQB0AGEAbQBlAG4AdABlACAAZABlACAAcABlAHMAYwBhAGQAbwByAGUAcwAgAGQAYQAgAHIAZQBnAGkA4wBvACAAZQAgAGwAZQBnAHUAbQBlAHMAIABlACAAdgBlAGcAZQB0AGEAaQBzACAAZABlACAAcABlAHEAdQBlAG4AbwBzACAAYQBnAHIAaQBjAHUAbAB0AG8AcgBlAHMAIABsAG8AYwBhAGkAcwAuACggRQBtACAAcgBlAHMAdQBtAG8ALAAgAG8AIAByAGUAcwB0AGEAdQByAGEAbgB0AGUAIABNAGUAZABpAHQAZQByAHIA4gBuAGUAbwAgAG8AZgBlAHIAZQBjAGUAIAB1AG0AYQAgAGUAeABwAGUAcgBpAOoAbgBjAGkAYQAgAGcAYQBzAHQAcgBvAG4A9ABtAGkAYwBhACAA+gBuAGkAYwBhACwAIABxAHUAZQAgAHUAbgBlACAAYQAgAHQAcgBhAGQAaQDnAOMAbwAgAGQAYQAgAGMAbwB6AGkAbgBoAGEAIABtAGUAZABpAHQAZQByAHIA4gBuAGUAYQAgAGMAbwBtACAAaQBuAGcAcgBlAGQAaQBlAG4AdABlAHMAIABmAHIAZQBzAGMAbwBzACAAZQAgAGQAZQBsAGkAYwBpAG8AcwBvAHMALAAgAGUAbgBjAG8AbgB0AHIAYQBkAG8AcwAgAG4AYQAgAHIAZQBnAGkA4wBvAC4AIABTAGUAIAB2AG8AYwDqACAAYgB1AHMAYwBhACAAdQBtAGEAIABhAGwAaQBtAGUAbgB0AGEA5wDjAG8AIABzAGEAdQBkAOEAdgBlAGwAIABlACAAcwBhAGIAbwByAG8AcwBhACwAIABlAHMAcwBlACAA6QAgAG8AIABsAHUAZwBhAHIAIABjAGUAcgB0AG8AIQAiAH0ALAAiAEIAIgA6AHsAIgBBACIAOgAiAFkAQQBGAGQASgB0ADgAZABBAFkAMAAsADAAIgAsACIARQAiADoAIgAjADAANQAwADUAMAA1ACIAfQB9AF0AfQB9AA==\"><\/span><div style=\"line-height: 1.4; direction: ltr;\"><p><span style=\"color: rgb(5, 5, 5); letter-spacing: 0em;\"><font style=\"vertical-align: inherit;\"><font style=\"vertical-align: inherit;\">&nbsp; &nbsp; &nbsp;O restaurante Mediterr\u00e2neo \u00e9 um verdadeiro para\u00edso para quem procura uma alimenta\u00e7\u00e3o natural e saud\u00e1vel. <\/font><font style=\"vertical-align: inherit;\">Isso porque a cozinha mediterr\u00e2nea, em que o restaurante \u00e9 dedicado, preza pela ingest\u00e3o de alimentos frescos e nutritivos, evitando produtos industrializados e gordurosos.<\/font><\/font><\/span><\/p><\/div><\/div>\n<div><div style=\"line-height: 1.4; direction: ltr;\"><p><span style=\"color: rgb(5, 5, 5); letter-spacing: 0em;\"><font style=\"vertical-align: inherit;\"><font style=\"vertical-align: inherit;\"> <\/font><\/font><\/span><br><span style=\"color: rgb(5, 5, 5); letter-spacing: 0em;\"><font style=\"vertical-align: inherit;\"><font style=\"vertical-align: inherit;\"><font style=\"vertical-align: inherit;\"><font style=\"vertical-align: inherit;\">&nbsp; &nbsp; &nbsp;Os principais ingredientes desta gastronomia s\u00e3o peixes, frutos do mar, carnes, massas, risotos, vegetais, legumes frescos, azeite de oliva extra virgem e uma variedade de ervas arom\u00e1ticas. <\/font><\/font><\/font><font style=\"vertical-align: inherit;\"><font style=\"vertical-align: inherit;\"><font style=\"vertical-align: inherit;\">No Mediterr\u00e2neo, esses ingredientes s\u00e3o combinados de forma criativa, resultando em pratos deliciosos e saud\u00e1veis.<\/font><\/font><\/font><\/font><\/span><\/p><\/div><\/div>\n<div><div style=\"line-height: 1.4; direction: ltr;\"><p><span style=\"color: rgb(5, 5, 5); letter-spacing: 0em;\"><font style=\"vertical-align: inherit;\"><font style=\"vertical-align: inherit;\"><font style=\"vertical-align: inherit;\"><font style=\"vertical-align: inherit;\"> <\/font><\/font><\/font><\/font><\/span><br><span style=\"color: rgb(5, 5, 5); letter-spacing: 0em;\"><font style=\"vertical-align: inherit;\"><font style=\"vertical-align: inherit;\"><font style=\"vertical-align: inherit;\"><font style=\"vertical-align: inherit;\"><font style=\"vertical-align: inherit;\"><font style=\"vertical-align: inherit;\">&nbsp; &nbsp; &nbsp;As saladas coloridas, preparadas com folhas, frutas e legumes frescos, s\u00e3o um dos destaques do card\u00e1pio do restaurante. <\/font><\/font><\/font><\/font><\/font><font style=\"vertical-align: inherit;\"><font style=\"vertical-align: inherit;\"><font style=\"vertical-align: inherit;\"><font style=\"vertical-align: inherit;\"><font style=\"vertical-align: inherit;\">Al\u00e9m disso, o Mediterr\u00e2neo valoriza a produ\u00e7\u00e3o local, adquirindo peixes e frutos do mar diretamente de pescadores da regi\u00e3o e leguminosas e vegetais de pequenos agricultores locais.<\/font><\/font><\/font><\/font><\/font><\/font><\/span><\/p><\/div><\/div>\n\n\n\n\n\n\n\n\n\n\n\n\n\n\n<h2>Drinks<\/h2>\n\n<div><span data-canva-clipboard=\"ewAiAGEAIgA6ADUALAAiAGQAIgA6ACIAQgAiACwAIgBoACIAOgAiAHcAdwB3AC4AYwBhAG4AdgBhAC4AYwBvAG0AIgAsACIAYwAiADoAIgBEAEEARgBjAHUAdgBaAGEAUQBLAFEAIgAsACIAaQAiADoAIgBEAE8ANQAzAHcAVgBQAF8AcgBCAEMAQgB6AEwAcgBMAEQAeABOAEoAcgBRACIALAAiAGIAIgA6ADEANwAwADAAMwAzADAAMAAwADcAOQA2ADQALAAiAEEAPwAiADoAIgBFACIALAAiAEEAIgA6AHsAIgBBACIAOgBbAHsAIgBBACIAOgB7ACIAQQA\/ACIAOgAiAEEAIgAsACIAQQAiADoAIgBPACAAcgBlAHMAdABhAHUAcgBhAG4AdABlACAATQBlAGQAaQB0AGUAcgByAOIAbgBlAG8AIABvAGYAZQByAGUAYwBlACAAdQBtAGEAIAB2AGEAcwB0AGEAIABzAGUAbABlAOcA4wBvACAAZABlACAAYgBlAGIAaQBkAGEAcwAgAHAAYQByAGEAIABhAGMAbwBtAHAAYQBuAGgAYQByACAAYQAgAHMAdQBhACAAcgBlAGYAZQBpAOcA4wBvAC4AIABFAG0AIABuAG8AcwBzAGEAIABjAGEAbgB0AGkAbgBhACAAZABlACAAdgBpAG4AaABvAHMALAAgAHYAbwBjAOoAIABlAG4AYwBvAG4AdAByAGEAcgDhACAAYQAgAG0AYQBpAG8AcgBpAGEAIABkAG8AcwAgAHYAaQBuAGgAbwBzACAAaQB0AGEAbABpAGEAbgBvAHMALAAgAG0AYQBzACAAdABhAG0AYgDpAG0AIABvAGYAZQByAGUAYwBlAG0AbwBzACAAbwBwAOcA9QBlAHMAIABkAGUAIAB2AGkAbgBoAG8AcwAgAHAAbwByAHQAdQBnAHUAZQBzAGUAcwAsACAAYQByAGcAZQBuAHQAaQBuAG8AcwAsACAAYwBoAGkAbABlAG4AbwBzACAAZQAgAGIAcgBhAHMAaQBsAGUAaQByAG8AcwAuACAAVABlAG0AbwBzACAAbwByAGcAdQBsAGgAbwAgAGUAbQAgAG8AZgBlAHIAZQBjAGUAcgAgAHUAbQBhACAAdgBhAHIAaQBlAGQAYQBkAGUAIABkAGUAIAB2AGkAbgBoAG8AcwAgAHAAYQByAGEAIABhAHQAZQBuAGQAZQByACAAYQAgAHQAbwBkAG8AcwAgAG8AcwAgAGcAbwBzAHQAbwBzAC4AXABuAEEAbADpAG0AIABkAGkAcwBzAG8ALAAgAG8AIABuAG8AcwBzAG8AIABiAGEAcgAgAOkAIABlAHMAcABlAGMAaQBhAGwAaQB6AGEAZABvACAAZQBtACAAcwBlAHIAdgBpAHIAIABkAHIAaQBuAGsAcwAgAHQAcgBhAGQAaQBjAGkAbwBuAGEAaQBzACwAIABjAGwA4QBzAHMAaQBjAG8AcwAgAGUAIABhAHUAdABvAHIAYQBpAHMALAAgAHUAdABpAGwAaQB6AGEAbgBkAG8AIABzAGUAbQBwAHIAZQAgAGEAIABmAHIAdQB0AGEAIABkAGEAIABlAHMAdABhAOcA4wBvACAAcABhAHIAYQAgAHYAYQBsAG8AcgBpAHoAYQByACAAYQBpAG4AZABhACAAbQBhAGkAcwAgAG8AIABzAGEAYgBvAHIALgAgAE4AbwBzAHMAbwBzACAAYgBhAHIAdABlAG4AZABlAHIAcwAgAHMA4wBvACAAZQB4AHAAZQByAGkAZQBuAHQAZQBzACAAZQAgAGUAcwB0AOMAbwAgAHMAZQBtAHAAcgBlACAAZABpAHMAcABvAHMAdABvAHMAIABhACAAbABoAGUAIABhAGoAdQBkAGEAcgAgAG4AYQAgAGUAcwBjAG8AbABoAGEAIABkAGEAIABiAGUAYgBpAGQAYQAgAHAAZQByAGYAZQBpAHQAYQAgAHAAYQByAGEAIABzAHUAYQAgAG8AYwBhAHMAaQDjAG8ALgAiAH0ALAAiAEIAIgA6AHsAIgBBACIAOgAiAFkAQQBGAGQASgB0ADgAZABBAFkAMAAsADAAIgAsACIARQAiADoAIgAjADAANQAwADUAMAA1ACIAfQB9AF0AfQB9AA==\"><\/span><div style=\"line-height: 1.4; direction: ltr;\"><p><span style=\"color: rgb(5, 5, 5); letter-spacing: 0em;\"><font style=\"vertical-align: inherit;\"><font style=\"vertical-align: inherit;\">&nbsp; &nbsp; &nbsp;O restaurante Mediterr\u00e2neo oferece uma vasta sele\u00e7\u00e3o de bebidas para acompanhar a sua refei\u00e7\u00e3o. <\/font><font style=\"vertical-align: inherit;\">Em nossa cantina de vinhos, voc\u00ea encontra a maioria dos vinhos italianos, mas tamb\u00e9m oferecemos op\u00e7\u00f5es de vinhos portugueses, argentinos, chilenos e brasileiros. <\/font><font style=\"vertical-align: inherit;\">Temos orgulho em oferecer uma variedade de vinhos para atender a todos os gostos.<\/font><\/font><\/span><\/p><\/div><\/div>\n<div><div style=\"line-height: 1.4; direction: ltr;\"><p><span style=\"color: rgb(5, 5, 5); letter-spacing: 0em;\"><font style=\"vertical-align: inherit;\"><font style=\"vertical-align: inherit;\"><\/font><\/font><\/span><\/p><\/div><\/div><p><font style=\"vertical-align: inherit;\"><font style=\"vertical-align: inherit;\"><span style=\"color: rgb(5, 5, 5); letter-spacing: 0em;\"><font style=\"vertical-align: inherit;\"><font style=\"vertical-align: inherit;\">&nbsp; &nbsp; &nbsp;Al\u00e9m disso, o nosso bar \u00e9 especializado em servir bebidas tradicionais, cl\u00e1ssicas e autorais, utilizando sempre a fruta da esta\u00e7\u00e3o para valorizar ainda mais o sabor. <\/font><font style=\"vertical-align: inherit;\">Nossos bartenders s\u00e3o experientes e est\u00e3o sempre dispostos a ajud\u00e1-lo na escolha da bebida perfeita para sua ocasi\u00e3o. <\/font><\/font><\/span><font style=\"vertical-align: inherit;\"><font style=\"vertical-align: inherit;\">.<\/font><\/font><\/font><\/font><\/p>\n\n\n\n\n\n\n\n\n\n\n\n\n<h2>Itacar\u00e9<\/h2>\nCidade paradis\u00edaca localizada no sul da Bahia, que encanta turistas do mundo inteiro. Com um cen\u00e1rio natural deslumbrante, a cidade \u00e9 cercada por praias de \u00e1guas cristalinas, cachoeiras, rios e uma vasta \u00e1rea de Mata Atl\u00e2ntica preservada.\nAl\u00e9m da beleza natural, Itacar\u00e9 tamb\u00e9m \u00e9 conhecida por ser um destino de surfistas, com ondas perfeitas para a pr\u00e1tica do esporte.\n<p>A cidade tamb\u00e9m oferece diversas op\u00e7\u00f5es de trilhas, passeios de barco e atividades de ecoturismo. Com uma atmosfera \u00fanica e acolhedora, Itacar\u00e9 \u00e9 um lugar perfeito para quem busca uma experi\u00eancia de viagem inesquec\u00edvel, em contato com a natureza e a cultura local.<\/p>\n\n\n\n\n\n\n<h2>Conhe\u00e7a Nosso Espa\u00e7o<\/h2>\n\n\n\n\n\n","protected":false},"excerpt":{"rendered":"","protected":false},"author":1,"featured_media":0,"parent":0,"menu_order":0,"comment_status":"closed","ping_status":"closed","template":"","meta":{"pagelayer_contact_templates":[],"_pagelayer_content":"","footnotes":""},"class_list":["post-32","page","type-page","status-publish","hentry"],"_links":{"self":[{"href":"https:\/\/mediterraneoitacare.com.br\/index.php\/wp-json\/wp\/v2\/pages\/32","targetHints":{"allow":["GET"]}}],"collection":[{"href":"https:\/\/mediterraneoitacare.com.br\/index.php\/wp-json\/wp\/v2\/pages"}],"about":[{"href":"https:\/\/mediterraneoitacare.com.br\/index.php\/wp-json\/wp\/v2\/types\/page"}],"author":[{"embeddable":true,"href":"https:\/\/mediterraneoitacare.com.br\/index.php\/wp-json\/wp\/v2\/users\/1"}],"replies":[{"embeddable":true,"href":"https:\/\/mediterraneoitacare.com.br\/index.php\/wp-json\/wp\/v2\/comments?post=32"}],"version-history":[{"count":55,"href":"https:\/\/mediterraneoitacare.com.br\/index.php\/wp-json\/wp\/v2\/pages\/32\/revisions"}],"predecessor-version":[{"id":234,"href":"https:\/\/mediterraneoitacare.com.br\/index.php\/wp-json\/wp\/v2\/pages\/32\/revisions\/234"}],"wp:attachment":[{"href":"https:\/\/mediterraneoitacare.com.br\/index.php\/wp-json\/wp\/v2\/media?parent=32"}],"curies":[{"name":"wp","href":"https:\/\/api.w.org\/{rel}","templated":true}]}}